e 10
-1093
17912 (base 13) to base 15
d71b
Convert -16c2 (base 14) to base 13.
-1b28
What is 113 (base 15) in base 3?
100000
Convert -2fe7 (base 16) to base 10.
-12263
Convert -1ab (base 13) to base 11.
-262
12780 (base 9) to base 4
2013102
-b5a5 (base 14) to base 10
-31309
Convert -638 (base 9) to base 3.
-201022
Convert -aa6 (base 14) to base 2.
-100000111010
Convert -11b79 (base 13) to base 16.
-7fcd
44224 (base 5) to base 11
2336
1041 (base 8) to base 15
265
132123 (base 4) to base 5
30242
What is 100222202 (base 3) in base 15?
2258
What is 22112 (base 3) in base 10?
230
What is -29d (base 14) in base 12?
-383
469 (base 12) to base 8
1221
What is -1580 (base 16) in base 12?
-3228
What is 44 (base 8) in base 13?
2a
What is 11064 (base 12) in base 5?
1210130
What is -2141001 (base 5) in base 3?
-1212202102
-1100000000 (base 2) to base 11
-639
What is -15113 (base 6) in base 11?
-1901
Convert 28182 (base 11) to base 13.
1536a
-1000000001001011 (base 2) to base 13
-11c45
Convert ba6 (base 12) to base 16.
6ae
-10011010100 (base 2) to base 4
-103110
Convert -1443 (base 6) to base 8.
-603
-424 (base 16) to base 11
-884
What is b47 (base 12) in base 7?
4531
-75d (base 14) to base 12
-a13
5017 (base 10) to base 14
1b85
Convert -9c41 (base 14) to base 11.
-19401
What is 715 (base 9) in base 2?
1001000101
Convert -45742 (base 8) to base 5.
-1110201
Convert -11103 (base 4) to base 7.
-663
Convert 2011122 (base 4) to base 13.
3b6a
What is -9252 (base 11) in base 3?
-121211202
Convert 5355 (base 10) to base 9.
7310
What is 2100201011 (base 3) in base 10?
46444
What is 703 (base 13) in base 8?
2242
-102133 (base 4) to base 16
-49f
What is -19cc (base 13) in base 12?
-22ba
-56b (base 12) to base 5
-11203
What is -3f8 (base 16) in base 11?
-844
What is 4544 (base 9) in base 2?
110100100001
Convert 2023 (base 5) to base 15.
128
What is -7656 (base 10) in base 5?
-221111
1011010122 (base 3) to base 16
58a9
What is 1332111 (base 4) in base 16?
1f95
489 (base 16) to base 6
5213
Convert 60 (base 9) to base 6.
130
-18906 (base 13) to base 16
-ba30
Convert 1011110001 (base 2) to base 7.
2124
What is -1620 (base 10) in base 3?
-2020000
What is -1324 (base 12) in base 14?
-b24
What is 10015 (base 8) in base 11?
30a6
What is -101100110001110 (base 2) in base 5?
-1213201
What is -262 (base 14) in base 2?
-111011110
What is 206025 (base 7) in base 9?
53856
What is -d15e (base 15) in base 7?
-242555
-a463 (base 11) to base 5
-420423
Convert -194a (base 12) to base 14.
-11a2
What is -1012120112 (base 3) in base 15?
-7082
73317 (base 8) to base 15
902a
3612 (base 8) to base 12
114a
e1a (base 16) to base 7
13345
Convert -11615 (base 7) to base 16.
-bea
What is -14a5 (base 16) in base 9?
-7222
What is 472 (base 8) in base 7?
626
3302 (base 5) to base 7
1214
7413 (base 10) to base 11
562a
Convert 1756 (base 16) to base 3.
22012021
Convert 1000011011101000 (base 2) to base 6.
423520
Convert -11413 (base 5) to base 8.
-1532
2210210 (base 3) to base 11
15a0
What is -33103 (base 6) in base 8?
-10737
What is 5486 (base 11) in base 8?
16101
Convert -294 (base 12) to base 6.
-1504
What is -10202002 (base 3) in base 13?
-131c
What is 7262 (base 13) in base 15?
4a32
Convert -57733 (base 8) to base 12.
-1224b
Convert -198a (base 13) to base 7.
-14113
What is 100000000000101 (base 2) in base 9?
24430
223c (base 15) to base 9
10853
What is -11a (base 11) in base 5?
-1032
Convert 21501 (base 6) to base 5.
43424
What is -3d80 (base 16) in base 12?
-9140
What is -123411 (base 8) in base 10?
-42761
-8cd (base 14) to base 11
-1350
Convert -281 (base 13) to base 8.
-673
What is 393 (base 16) in base 8?
1623
3dd (base 15) to base 3
1012201
What is -2314 (base 15) in base 7?
-30463
What is 52153 (base 6) in base 5?
210411
1111545 (base 6) to base 16
db59
What is 587 (base 15) in base 16?
4e4
Convert -31230 (base 5) to base 4.
-200101
What is 21451 (base 8) in base 14?
33cd
Convert -2211120 (base 3) to base 6.
-13323
-9313 (base 10) to base 12
-5481
What is 2322 (base 6) in base 11?
464
Convert -2024 (base 6) to base 8.
-700
Convert 7a5d (base 14) to base 15.
646b
-510304 (base 7) to base 4
-111020323
Convert 1ca1 (base 13) to base 15.
1456
-10124 (base 5) to base 2
-1010011000
What is 4936 (base 11) in base 3?
22211222
-123122 (base 4) to base 14
-8d4
What is -111000111110 (base 2) in base 6?
-24514
What is 17018 (base 9) in base 8?
26641
Convert 233332 (base 4) to base 7.
11644
What is 40124 (base 6) in base 4?
1101310
Convert 15213 (base 6) to base 15.
adc
What is -204013 (base 5) in base 9?
-10238
Convert 10302 (base 9) to base 6.
51302
Convert -24630 (base 9) to base 14.
-6063
-1c9 (base 14) to base 16
-175
Convert -607 (base 9) to base 3.
-200021
What is 7554 (base 8) in base 2?
111101101100
What is 26d (base 15) in base 14?
2b7
Convert 1201 (base 5) to base 11.
150
What is 1066 (base 16) in base 6?
31234
Convert -4701 (base 8) to base 5.
-34442
Convert -6360 (base 7) to base 8.
-4307
Convert 91c (base 14) to base 12.
1052
Convert -24135 (base 7) to base 2.
-1100001101001
What is 4103 (base 11) in base 14?
1db2
What is 100011111011 (base 2) in base 3?
10011011
What is 106412 (base 8) in base 14?
d230
What is -2361 (base 11) in base 8?
-6024
What is 85 (base 12) in base 6?
245
Convert 437 (base 13) to base 14.
398
Convert 342 (base 7) to base 4.
2301
What is 989 (base 11) in base 4?
102202
Convert -210d3 (base 14) to base 7.
-451353
443441 (base 5) to base 10
15496
Convert 445 (base 11) to base 8.
1025
-1101120111 (base 3) to base 6
-330451
24023 (base 5) to base 11
1363
What is -141 (base 9) in base 14?
-86
What is e48 (base 16) in base 9?
5012
-3070 (base 11) to base 12
-2432
What is 1122100 (base 4) in base 3?
21220221
What is b57 (base 15) in base 14?
d09
What is 120220 (base 3) in base 10?
429
What is 11326 (base 14) in base 16?
a336
-221420 (base 5) to base 4
-1320313
4829 (base 10) to base 4
1023131
Convert -cfdd (base 16) to base 9.
-80885
-1112221211 (base 3) to base 12
-1584a
115 (base 10) to base 4
1303
Convert -21121 (base 4) to base 14.
-30d
Convert -6044 (base 9) to base 6.
-32234
Convert 3314 (base 5) to base 14.
24b
What is -8c2d (base 14) in base 9?
-36350
What is -124 (base 5) in base 2?
-100111
6012 (base 15) to base 11
14255
-42202 (base 6) to base 10
-5690
What is -4134 (base 8) in base 3?
-2221021
-220022 (base 6) to base 4
-10123232
213230 (base 5) to base 16
1c93
-1113121 (base 4) to base 15
-19cd
1806 (base 11) to base 16
901
What is -10112 (base 3) in base 12?
-7b
Convert 664 (base 15) to base 6.
10404
Convert -1202200222 (base 3) to base 10.
-34775
-38240 (base 10) to base 9
-57408
What is 302 (base 12) in base 4?
12302
What is b5b (base 14) in base 8?
4275
What is 4327 (base 9) in base 10?
3184
-20300 (base 6) to base 5
-41300
1000 (base 2) to base 3
22
423521 (base 6) to base 8
103351
Convert -11010011 (base 2) to base 12.
-157
Convert -134121 (base 5) to base 4.
-1112200
110000101101101 (base 2) to base 11
17814
What is 2200001211 (base 3) in base 5?
3140122
Convert -1253 (base 6) to base 8.
-501
What is 24136 (base 7) in base 10?
6250
What is -13c1 (base 14) in base 9?
-4720
Convert 41505 (base 8) to base 3.
212121211
What is -4496 (base 13) in base 2?
-10010101110011
What is 3faa (base 16) in base 7?
65342
What is 1100111100 (base 2) in base 16?
33c
What is 741 (base 12) in base 13?
634
What is 1111121 (base 3) in base 2?
10001001000
-4960 (base 11) to base 9
-8788
What is 41bc (base 15) in base 4?
3121032
Convert -1102112 (base 3) to base 15.
-495
Convert 1c8c (base 14) to base 3.
21011100
-152ce (base 15) to base 9
-113425
-1830 (base 9) to base 3
-1221000
-5cea (base 16) to base 3
-1012121222
Convert 639 (base 15) to base 7.
4044
4914 (base 14) to base 5
402013
What is -21bb (base 14) in base 7?
-23024
What is -1330 (base 4) in base 15?
-84
1367 (base 16) to base 14
1b4b
Convert -13202003 (base 4) to base 13.
-11072
-43d5 (base 16) to base 5
-1023430
What is 6812 (base 11) in base 5?
241332
What is 1173 (base 12) in base 4?
132213
3561 (base 9) to base 14
d71
What is 473 (base 14) in base 4?
31311
What is 5014 (base 9) in base 2?
111001001010
-101767 (base 8) to base 7
-200331
What is 21203 (base 4) in base 16?
263
Convert 2562 (base 11) to base 13.
